{"id":29,"date":"2025-06-21T07:20:59","date_gmt":"2025-06-21T07:20:59","guid":{"rendered":"https:\/\/a-vk.de\/wordpress\/?page_id=29"},"modified":"2025-06-21T07:45:55","modified_gmt":"2025-06-21T07:45:55","slug":"impressum","status":"publish","type":"page","link":"https:\/\/a-vk.de\/wordpress\/?page_id=29","title":{"rendered":"Impressum"},"content":{"rendered":"\n<div class=\"wp-block-genesis-blocks-gb-columns gb-layout-columns-1 one-column gb-has-custom-text-color gb-columns-center alignfull\" style=\"padding-right:1em;padding-bottom:5em;padding-left:1em;color:#1f1f1f\"><div class=\"gb-layout-column-wrap gb-block-layout-column-gap-2 gb-is-responsive-column\" style=\"max-width:1200px\">\n<div class=\"wp-block-genesis-blocks-gb-column gb-block-layout-column\"><div class=\"gb-block-layout-column-inner\">\n<div class=\"wp-block-genesis-blocks-gb-container gb-block-container\"><div class=\"gb-container-inside\"><div class=\"gb-container-content\" style=\"max-width:1600px\">\n<p>Vertrauen und Transparenz sind wichtig.<\/p>\n\n\n\n<hr class=\"wp-block-separator has-text-color has-alpha-channel-opacity has-background is-style-wide\" style=\"background-color:#1f1f1f;color:#1f1f1f\"\/>\n<\/div><\/div><\/div>\n\n\n\n<div class=\"wp-block-group has-normal-font-size\"><div class=\"wp-block-group__inner-container is-layout-constrained wp-block-group-is-layout-constrained\">\n<p>Allgemeine Versorgungskasse e. V., G\u00f6ttingen<br>c\/o Prof. Schade GmbH, Am Kai 20, 44263 Dortmund<\/p>\n\n\n\n<p class=\"has-normal-font-size\">Telefon: +49 231 9580619-20<br>Fax: +49 231 9580619-99<br>Email: info@a-vk.de<\/p>\n\n\n\n<p class=\"has-normal-font-size\">Vorstand: Prof. Dr. Philipp Schade (Vors.), Dr. Lutz Schade<\/p>\n\n\n\n<p class=\"has-normal-font-size\">Sitz des Vereins: G\u00f6ttingen \u2013 VR 201864<\/p>\n\n\n\n<p>Steuer-Nr. 20\/206\/29997<\/p>\n\n\n\n<p class=\"has-normal-font-size\">Inhaltlich Verantwortlicher: Prof. Dr. Philipp Schade<\/p>\n\n\n\n<h2 class=\"wp-block-heading has-large-font-size\">Haftungsausschluss<\/h2>\n\n\n\n<p class=\"has-normal-font-size\">Trotz sorgf\u00e4ltiger inhaltlicher Kontrolle \u00fcbernehmen wir keine Haftung f\u00fcr die Inhalte externer Links. F\u00fcr den Inhalt der verlinkten Seiten sind ausschlie\u00dflich deren Betreiber verantwortlich. Die Prof. Schade GmbH (nachfolgen AVK) \u00fcbernimmt keine Haftung oder Garantie f\u00fcr die Aktualit\u00e4t, Richtigkeit und Vollst\u00e4ndigkeit der Inhalte und Informationen, die auf direkten oder indirekten digitalen Verbindungen (Links) zu dieser Website bereitgestellt werden. Auch ist die AVK nicht verantwortlich f\u00fcr die Inhalte der Websites, die mit solchen Links erreicht werden. Die AVK haftet nicht f\u00fcr direkte oder indirekte Sch\u00e4den (einschlie\u00dflich entgangenen Gewinns), die aufgrund von Informationen entstehen, die auf dieser Website bereitgehalten werden.<\/p>\n\n\n\n<h2 class=\"wp-block-heading has-large-font-size\">Urheberrechte<\/h2>\n\n\n\n<p class=\"has-normal-font-size\">Inhalt und Darstellung dieser Website sind urheberrechtlich gesch\u00fctzt. Die Nutzung, Speicherung, Vervielf\u00e4ltigung oder sonstige Verwertung des auf dieser Seite verwendeten Materials (Fotos, Texte, Grafiken, Logo) ist aus urheberrechtlichen Gr\u00fcnden nicht gestattet. Jede gewerbliche Nutzung bedarf der vorherigen schriftlichen Genehmigung der AVK.<\/p>\n\n\n\n<p><\/p>\n<\/div><\/div>\n<\/div><\/div>\n<\/div><\/div>\n","protected":false},"excerpt":{"rendered":"","protected":false},"author":1,"featured_media":0,"parent":12,"menu_order":0,"comment_status":"closed","ping_status":"closed","template":"","meta":{"_genesis_hide_title":false,"_genesis_hide_breadcrumbs":false,"_genesis_hide_singular_image":false,"_genesis_hide_footer_widgets":false,"_genesis_custom_body_class":"","_genesis_custom_post_class":"","_genesis_layout":"","footnotes":""},"class_list":{"0":"post-29","1":"page","2":"type-page","3":"status-publish","5":"entry"},"featured_image_src":null,"featured_image_src_square":null,"_links":{"self":[{"href":"https:\/\/a-vk.de\/wordpress\/index.php?rest_route=\/wp\/v2\/pages\/29","targetHints":{"allow":["GET"]}}],"collection":[{"href":"https:\/\/a-vk.de\/wordpress\/index.php?rest_route=\/wp\/v2\/pages"}],"about":[{"href":"https:\/\/a-vk.de\/wordpress\/index.php?rest_route=\/wp\/v2\/types\/page"}],"author":[{"embeddable":true,"href":"https:\/\/a-vk.de\/wordpress\/index.php?rest_route=\/wp\/v2\/users\/1"}],"replies":[{"embeddable":true,"href":"https:\/\/a-vk.de\/wordpress\/index.php?rest_route=%2Fwp%2Fv2%2Fcomments&post=29"}],"version-history":[{"count":4,"href":"https:\/\/a-vk.de\/wordpress\/index.php?rest_route=\/wp\/v2\/pages\/29\/revisions"}],"predecessor-version":[{"id":50,"href":"https:\/\/a-vk.de\/wordpress\/index.php?rest_route=\/wp\/v2\/pages\/29\/revisions\/50"}],"up":[{"embeddable":true,"href":"https:\/\/a-vk.de\/wordpress\/index.php?rest_route=\/wp\/v2\/pages\/12"}],"wp:attachment":[{"href":"https:\/\/a-vk.de\/wordpress\/index.php?rest_route=%2Fwp%2Fv2%2Fmedia&parent=29"}],"curies":[{"name":"wp","href":"https:\/\/api.w.org\/{rel}","templated":true}]}}